 8.
-10342
-225012 (base 6) to base 15
-5a72
What is 1888 (base 14) in base 3?
20002011
What is -e7 (base 15) in base 10?
-217
Convert 1671 (base 15) to base 9.
6557
Convert 102102 (base 4) to base 11.
974
-1121 (base 6) to base 13
-175
What is -1610 (base 8) in base 10?
-904
What is -712 (base 9) in base 16?
-242
6724 (base 9) to base 16
1363
Convert -12314 (base 7) to base 3.
-11110012
What is 460 (base 9) in base 7?
1050
Convert 358 (base 12) to base 13.
2c6
What is -4164 (base 12) in base 7?
-26536
Convert -1002212 (base 3) to base 6.
-3422
1fa (base 16) to base 7
1322
Convert -101130 (base 4) to base 10.
-1116
What is -1350 (base 10) in base 9?
-1760
-35a (base 11) to base 7
-1151
-1012012 (base 3) to base 7
-2351
21aca (base 13) to base 2
1110111011110111
Convert 40420 (base 5) to base 4.
220302
Convert 20200023 (base 4) to base 13.
12b10
What is 11103002 (base 4) in base 2?
101010011000010
23310100 (base 4) to base 6
1012024
-10222 (base 4) to base 16
-12a
Convert -1111102 (base 3) to base 5.
-13331
Convert 21011 (base 3) to base 5.
1233
1263 (base 13) to base 14
d4c
Convert 1302110 (base 4) to base 7.
30221
What is 158 (base 9) in base 13?
a4
216 (base 15) to base 12
333
-3002 (base 4) to base 8
-302
101440 (base 5) to base 13
16c3
21215 (base 8) to base 16
228d
579 (base 13) to base 10
945
b34 (base 15) to base 2
100111011100
What is -435 (base 15) in base 10?
-950
What is -1101100110101111 (base 2) in base 16?
-d9af
What is 4163 (base 11) in base 4?
1112022
111000001111 (base 2) to base 12
20bb
Convert -466 (base 10) to base 16.
-1d2
-22110 (base 3) to base 11
-198
Convert -4214 (base 5) to base 4.
-20233
-10428 (base 12) to base 15
-64ce
-19c7 (base 16) to base 7
-25145
-4008 (base 12) to base 4
-1230020
Convert -d0dc (base 15) to base 8.
-126062
-30604 (base 7) to base 11
-56aa
-47834 (base 9) to base 7
-162241
Convert 7427 (base 10) to base 12.
436b
Convert 33a4 (base 11) to base 3.
20010120
Convert -798 (base 14) to base 6.
-10550
What is -1162 (base 7) in base 15?
-1e1
What is -1ecb (base 15) in base 12?
-3a78
Convert 131302 (base 6) to base 15.
3845
What is -627a (base 15) in base 11?
-14703
Convert 100123 (base 4) to base 15.
4a1
What is -13601 (base 8) in base 13?
-297b
-332030 (base 4) to base 6
-30232
788 (base 10) to base 5
11123
-44350 (base 7) to base 5
-324113
What is -a8 (base 12) in base 14?
-92
Convert -333132 (base 4) to base 7.
-14562
Convert -588 (base 11) to base 10.
-701
-42004 (base 5) to base 7
-11013
Convert -113 (base 5) to base 9.
-36
131113 (base 4) to base 10
1879
Convert 2069 (base 12) to base 2.
110111010001
Convert 120323 (base 5) to base 2.
1000101101111
-981 (base 13) to base 15
-736
Convert 2403 (base 7) to base 15.
3e0
2231301 (base 4) to base 8
25561
What is 1666 (base 7) in base 5?
10220
What is -1a (base 12) in base 13?
-19
43290 (base 10) to base 15
cc60
Convert -10000201 (base 3) to base 16.
-89e
What is 2e2 (base 15) in base 10?
662
What is -c64 (base 13) in base 7?
-6103
Convert 1252 (base 12) to base 16.
81e
-1f6 (base 16) to base 2
-111110110
Convert 77a (base 14) to base 16.
5c8
Convert -71342 (base 9) to base 13.
-18497
210122 (base 3) to base 13
35c
What is 6483 (base 9) in base 11?
364a
Convert 1ae (base 16) to base 6.
1554
Convert -11be (base 16) to base 8.
-10676
c56 (base 14) to base 10
2428
Convert -1480 (base 14) to base 11.
-280a
-55315 (base 7) to base 10
-13879
What is -3205 (base 9) in base 13?
-10c1
Convert 1 (base 6) to base 13.
1
What is -100110101 (base 2) in base 4?
-10311
Convert 6c2 (base 15) to base 7.
4316
Convert 21023322 (base 4) to base 14.
d9d8
-106773 (base 9) to base 14
-194b6
6733 (base 14) to base 4
10113121
-433 (base 7) to base 12
-164
14842 (base 14) to base 3
2120222120
Convert 204 (base 13) to base 5.
2332
What is -135210 (base 7) in base 15?
-79c0
What is -7c8 (base 13) in base 3?
-1211220
Convert 15154 (base 6) to base 3.
10100121
111100100 (base 2) to base 14
268
-5305 (base 7) to base 16
-74b
250a1 (base 11) to base 4
20303100
What is -56ba (base 12) in base 11?
-727a
What is 473 (base 14) in base 13?
531
Convert 1111011000 (base 2) to base 14.
504
Convert 708 (base 13) to base 6.
5303
-10100001101 (base 2) to base 11
-a76
Convert 136260 (base 8) to base 6.
1011344
-6ed (base 16) to base 8
-3355
270 (base 16) to base 6
2520
What is -22581 (base 11) in base 16?
-7f7e
Convert -2235 (base 6) to base 13.
-317
-9aa8 (base 13) to base 4
-11101201
Convert 639 (base 11) to base 15.
363
What is 172a6 (base 12) in base 14?
c18a
What is 25c (base 14) in base 2?
111011010
-562e (base 15) to base 13
-8414
What is 1a854 (base 12) in base 11?
27526
-334a (base 15) to base 12
-635a
What is 231452 (base 6) in base 4?
10311320
Convert 605 (base 12) to base 8.
1545
-1710 (base 9) to base 15
-5c0
210120212 (base 3) to base 10
15737
Convert 131225 (base 6) to base 16.
2ec1
Convert -3134 (base 7) to base 8.
-2117
Convert 641 (base 8) to base 13.
261
-1101011111010 (base 2) to base 3
-100110210
What is -12040 (base 10) in base 13?
-5632
2ca (base 14) to base 11
479
What is 880 (base 14) in base 5?
23210
What is 2c3 (base 15) in base 3?
212110
Convert -2479 (base 10) to base 7.
-10141
Convert -73446 (base 9) to base 3.
-2110111120
Convert 425 (base 6) to base 16.
a1
What is -1001102211 (base 3) in base 16?
-50fb
What is 1d66 (base 15) in base 2?
1100011111100
Convert 120405 (base 6) to base 12.
6105
What is 12706 (base 14) in base 15?
d63c
Convert -125 (base 16) to base 7.
-566
Convert -173 (base 13) to base 16.
-107
Convert -2221 (base 11) to base 3.
-11000102
Convert 4043 (base 6) to base 5.
12031
Convert 2715 (base 10) to base 2.
101010011011
What is 18a (base 11) in base 8?
333
-210 (base 11) to base 16
-fd
What is 10020222 (base 3) in base 14?
c19
5a7 (base 11) to base 3
222202
39b (base 15) to base 12
585
-797 (base 11) to base 16
-3b9
What is 6116 (base 8) in base 11?
2404
1202001 (base 3) to base 4
103312
-1232 (base 4) to base 9
-132
What is 3ad (base 14) in base 2?
1011100101
What is -124630 (base 7) in base 16?
-5b00
What is 895 (base 13) in base 9?
2017
What is 12345 (base 6) in base 16?
749
6b82 (base 15) to base 6
253435
-211224 (base 5) to base 12
-4108
Convert -2652 (base 8) to base 13.
-877
Convert 375 (base 13) to base 15.
2a3
Convert 3cc (base 16) to base 9.
1300
What is -984 (base 13) in base 11?
-1251
Convert 622 (base 7) to base 4.
10312
-101000011010001 (base 2) to base 16
-50d1
What is 23d0 (base 16) in base 10?
9168
55277 (base 8) to base 4
11222333
What is -224454 (base 7) in base 5?
-2240043
Convert 55131 (base 8) to base 12.
11475
46326 (base 7) to base 5
334304
-53 (base 7) to base 15
-28
Convert 5782 (base 9) to base 4.
1002332
-56da (base 15) to base 4
-10133332
What is -4a2 (base 12) in base 11?
-585
Convert -13005 (base 13) to base 5.
-2111112
Convert -1001101101 (base 2) to base 3.
-212000
Convert -20543 (base 10) to base 6.
-235035
25c2 (base 16) to base 4
2113002
-27296 (base 11) to base 8
-114042
2268 (base 11) to base 10
2978
-430212 (base 5) to base 11
-a930
Convert -1046 (base 7) to base 10.
-377
What is -10c (base 13) in base 7?
-346
4bd (base 15) to base 5
13303
Convert -b46 (base 15) to base 11.
-1a00
-562 (base 8) to base 7
-1036
Convert -1012101 (base 3) to base 6.
-4014
3212 (base 6) to base 5
10403
What is 101011000 (base 2) in base 16?
158
What is 22868 (base 11) in base 6?
412414
-50056 (base 7) to base 10
-12046
Convert -2002 (base 3) to base 6.
-132
What is 231 (base 10) in base 11?
1a0
Convert -2970 (base 11) to base 3.
-12020210
Convert 202235 (base 6) to base 12.
937b
What is -10350 (base 7) in base 3?
-10112200
-114602 (base 7) to base 12
-100b8
What is 6d8 (base 15) in base 14?
7cd
-8b2b (base 12) to base 6
-155255
Convert -1925 (base 10) to base 9.
-2568
85 (base 13) to base 16
6d
Convert 4304 (base 6) to base 12.
694
42c (base 15) to base 8
1656
Convert -101313103 (base 4) to base 12.
-36417
What is -10534 (base 6) in base 4?
-113122
Convert 301 (base 10) to base 11.
254
What is 6630 (base 10) in base 5?
203010
What is -6672 (base 8) in base 13?
-17a4
-4232 (base 6) to base 8
-1674
What is 413200 (base 5) in base 16?
34ee
Convert 101000101100110 (base 2) to base 12.
10086
Convert 255 (base 12) to base 14.
1b3
-20